**3 - 5*g - 9. Determine z(-3).
-156
Let f(j) = -12*j - 9. Give f(7).
-93
Let o(q) = 8*q + 4. What is o(5)?
44
Let z(s) = 24*s - 67. Calculate z(3).
5
Let c(s) = -5*s + 14. Determine c(7).
-21
Let l(v) = -3*v + 5. Give l(-4).
17
Let m(q) = 69*q - 2063. Determine m(30).
7
Let s(r) = 2*r**2 - 27*r - 17. Give s(14).
-3
Let p(w) = -29*w + 3. Determine p(-1).
32
Let y(j) = j**3 + 12*j**2 - 17*j - 7. Determine y(-13).
45
Let n(m) = -m**2 + 16*m + 21. Calculate n(17).
4
Let l(p) = -5*p**2 + 3*p. Calculate l(2).
-14
Let y(h) = -5*h**2 - 60*h + 4. What is y(-13)?
-61
Let u(p) = p**2 - 18*p + 17. Determine u(19).
36
Let u(z) = 23*z + 90. What is u(-4)?
-2
Let v(m) = -m**2 + 14*m - 7. Determine v(12).
17
Let p(h) = -3*h**2 + 2*h + 6. Determine p(6).
-90
Let y(h) = -2*h**2 - 36*h - 58. Give y(-16).
6
Let i(f) = -12*f - 3. What is i(-4)?
45
Let y(s) = -5*s + 26. Give y(6).
-4
Let y(u) = u**2 - 10*u + 6. Calculate y(8).
-10
Let z(g) = -g**3 - 15*g**2 - 10*g + 9. Give z(-14).
-47
Let y(u) = -u**3 + 5*u**2 + 3*u - 28. Give y(4).
0
Let i(x) = x**2 + 3*x - 4. Calculate i(-8).
36
Let z(x) = 15*x + 85. Give z(-6).
-5
Let v(z) = -2*z + 6. Calculate v(-13).
32
Let m(q) = q**3 - 8*q**2 + 3*q - 8. Calculate m(8).
16
Let w(i) = -2*i**2 + 2*i + 7. Determine w(-1).
3
Let a(m) = -m**3 - 5*m**2 + 12*m - 2. Give a(-7).
12
Let y(r) = -r**2 + 6*r - 5. Give y(4).
3
Let z(k) = -k**3 - 15*k**2 - 14*k. Give z(-14).
0
Let p(i) = i**3 + 4*i**2 - 1. Determine p(-2).
7
Let p(n) = 4*n + 29. What is p(-12)?
-19
Let z(g) = -g**3 - 2*g**2 + 2*g + 3. Determine z(-3).
6
Let z(k) = 4*k**2 - 14*k - 9. Calculate z(4).
-1
Let t(h) = -h**2 - 25*h - 38. Give t(-12).
118
Let r(t) = -t**2 - 12*t - 3. What is r(-9)?
24
Let m(p) = p**3 - p**2 + 13. Determine m(0).
13
Let a(k) = 2*k**2 - 68*k + 563. What is a(19)?
-7
Let j(a) = 2*a - 22. Calculate j(7).
-8
Let b(v) = -3*v**2 - v + 2. What is b(-2)?
-8
Let r(p) = 2*p**2 - 10*p + 2. Determine r(4).
-6
Let f(g) = 22*g - 1531. What is f(70)?
9
Let d(h) = 273*h - 1093. Give d(4).
-1
Let d(a) = -7*a + 6. Give d(-4).
34
Let t(k) = k**2 + 3*k - 13. Calculate t(-6).
5
Let j(s) = -s**2 - s + 3. Calculate j(-4).
-9
Let m(o) = o**2 + 3*o. What is m(-4)?
4
Let k(d) = d**3 - 14*d**2 + 22*d + 13. Calculate k(12).
-11
Let b(y) = -15*y**3 + 1. Determine b(-1).
16
Let v(k) = -2*k**2 - 5*k - 12. What is v(-3)?
-15
Let j(d) = -d - 1. Give j(-4).
3
Let y(j) = j**3 + 19*j**2 - 23*j - 70. Give y(-20).
-10
Let b(q) = q**2 - 5*q - 2. Give b(6).
4
Let b(j) = j**3 + 15*j**2 + 15*j + 12. Determine b(-14).
-2
Let o(d) = -d**3 - 9*d**2 + 4. What is o(-9)?
4
Let s(q) = -6*q - 3. Calculate s(-3).
15
Let x(c) = c**3 + 7*c**2 + c - 2. Give x(-6).
28
Let y(n) = -5*n - 160. Determine y(-33).
5
Let d(f) = f**3 + 5*f**2 + 19*f + 36. Calculate d(-3).
-3
Let n(a) = a**2 + 6*a + 6. What is n(-3)?
-3
Let j(x) = -x + 22. Calculate j(-9).
31
Let i(q) = q + 10. Give i(-12).
-2
Let z(x) = 8*x - 204. Give z(26).
4
Let n(k) = k - 6. Calculate n(8).
2
Let w(o) = 2*o**2 - 12*o - 6. Calculate w(10).
74
Let w(r) = 5*r - 2. Give w(2).
8
Let s(a) = 2*a**2 - 25*a + 7. Give s(12).
-5
Let r(m) = -m**3 - 10*m**2 + 13*m + 21. Determine r(-11).
-1
Let g(t) = -5*t - 5. Determine g(8).
-45
Let m(w) = -2*w**2 - 9*w + 90. What is m(-9)?
9
Let d(o) = 14*o**2 + 2*o - 1. What is d(1)?
15
Let t(v) = -v**3 + 14*v**2 + 35*v - 53. Give t(16).
-5
Let h(f) = -5*f - 40. Determine h(-9).
5
Let h(m) = m**3 - 7*m**2 - 1. Determine h(7).
-1
Let y(o) = 2*o + 22. Determine y(-28).
-34
Let p(k) = k**3 + 6*k**2 - 4*k + 13. Calculate p(-7).
-8
Let k(u) = -u**2 + 8*u - 21. Give k(5).
-6
Let o(m) = -2*m**3 + 3*m + 1. What is o(-2)?
11
Let b(q) = -q**2 - 25*q - 26. Calculate b(-16).
118
Let l(v) = -v**3 + 10*v**2 + 14*v + 5. What is l(11)?
38
Let q(a) = -a - 7. Determine q(-12).
5
Let g(v) = -28*v - 43. Give g(-5).
97
Let h(k) = 4*k**2 - 13*k + 1. Calculate h(5).
36
Let v(s) = s**3 - 55*s**2 - 112*s - 118. Determine v(57).
-4
Let c(z) = z**2 - 7*z + 4. Determine c(8).
12
Let h(l) = -3*l**2 - 31*l - 25. Determine h(-9).
11
Let c(x) = -2*x**2 + 26*x + 27. Determine c(14).
-1
Let l(p) = 2*p + 63. Calculate l(-10).
43
Let o(y) = -y**3 + 10*y**2 - 8*y + 2. Determine o(9).
11
Let y(s) = s**2 - 30*s + 44. Give y(29).
15
Let v(s) = -s**3 - 4*s**2 - s + 11. What is v(0)?
11
Let b(v) = v**2 - 12*v - 11. What is b(12)?
-11
Let g(a) = -a**2 - 20*a - 40. Determine g(-17).
11
Let f(m) = -4*m**3 - 2*m**2 + 2*m + 3. Calculate f(2).
-33
Let m(q) = q**3 - 9*q**2 - 11*q + 10. Determine m(10).
0
Let l(a) = -a**3 - 11*a**2 - 17*a - 6. What is l(-9)?
-15
Let j(g) = g**2 + 7*g + 8. Give j(-5).
-2
Let j(h) = h**2 - 8*h + 6. Calculate j(8).
6
Let v(b) = -7*b**2 - b + 1. What is v(-1)?
-5
Let z(a) = a**3 + 5*a**2 - 5*a + 1. Calculate z(-5).
26
Let n(k) = k**3 - 9*k**2 + 7*k - 9. Give n(8).
-17
Let n(g) = 7*g - 84. What is n(13)?
7
Let j(h) = -2*h - 31. Give j(-13).
-5
Let x(t) = t + 7. Calculate x(9).
16
Let u(x) = 8*x + 10. Calculate u(5).
50
Let s(n) = -n + 5. Determine s(-5).
10
Let o(g) = -g**3 + 33*g**2 + 147*g + 33. Determine o(37).
-4
Let j(c) = 5*c - 10. Calculate j(5).
15
Let h(g) = 2*g - 21. Determine h(12).
3
Let a(s) = -s**3 - 4*s**2 - s - 4. Determine a(-4).
0
Let u(f) = 3*f - 3. Calculate u(-2).
-9
Let a(n) = 2*n**2 - 20*n + 55. Calculate a(7).
13
Let l(s) = -s**3 + 3*s**2 + 3*s - 4. Determine l(4).
-8
Let f(v) = -v**2 + 9*v - 16. What is f(7)?
-2
Let k(l) = -15*l + 1. What is k(1)?
-14
Let s(c) = -c**2 + 21*c - 22. Determine s(9).
86
Let c(q) = q**2 + 8*q - 2. Give c(-8).
-2
Let g(q) = q**3 + q - 14. Determine g(0).
-14
Let p(y) = 9*y**3 - 3*y + 3. What is p(1)?
9
Let l(n) = n**3 + 56*n**2 + 161*n + 95. Give l(-53).
-11
Let d(h) = h**2 - 2*h - 2. Calculate d(-1).
1
Let p(q) = 2*q**3 + 12*q**2 + 18*q + 14. Give p(-4).
6
Let r(q) = -4*q - 3. Calculate r(-2).
5
Let u(v) = -2*v**3 + 3*v**2 + 5*v - 5. Calculate u(4).
-65
Let x(v) = -v**3 - 12*v**2 + 3*v + 1. Calculate x(-12).
-35
Let t(n) = n**3 + 10*n**2 - n - 12. Give t(-10).
-2
Let c(q) = -9*q + 77. Determine c(8).
5
Let u(s) = 2*s - 7. What is u(3)?
-1
Let u(l) = -l**2 - 2*l - 3. Calculate u(-4).
-11
Let g(u) = u**3 + 4*u**2 - 1. Give g(-5).
-26
Let k(b) = -b + 5. What is k(4)?
1
Let m(g) = g**3 - 10*g**2 + 7*g + 12. What is m(9)?
-6
Let p(c) = c**2 + 6*c + 3. Calculate p(-3).
-6
Let a(o) = -o**2 + 5*o. What is a(3)?
6
Let r(k) = 3*k**3 + k**2 + 3*k + 6. Calculate r(-3).
-75
Let c(n) = n**3 - 19*n**2 + 39*n - 75. Determine c(17).
10
Let b(f) = 6*f**2 + 2*f + 8. Determine b(-3).
56
Let c(h) = -24*h - 176. Determine c(-8).
16
Let g(a) = -a**2 - a + 98. Determine g(0).
98
Let c(u) = -21*u**3 - u**2 + 1. Determine c(-1).
21
Let p(a) = -a**3 - 5*a**2 + 20*a + 7. Calculate p(-7).
-35
Let g(h) = 202*h + 1623. Give g(-8).
7
Let g(b) = b**2 - 12*b - 85. Calculate g(16).
-21
Let t(o) = -o**3 - 20*o**2 + o + 22. Calculate t(-20).
2
Let o(h) = 4*h**2 - 25*h. What is o(6)?
-6
Let m(o) = -o**2 - 2*o + 4. Determine m(-8).
-44
Let b(j) = -6*j - 45. Determine b(-10).
15
Let i(y) = 3*y + 31. What is i(-11)?
-2
Let y(k) = k + 9. Determine y(9).
18
Let a(n) = -n**2 + 26*n - 63. What is a(23)?
6
Let w(f) = f**2 + 6*f + 4. Calculate w(-1).
-1
Let q(r) = -r**3 - 9*r**2 - 12*r + 1. Calculate q(-5).
-39
Let h(c) = -c + 31. Determine h(9).
22
Let c(d) = -14*d. Determine c(1).
-14
Let t(z) = -z**2 + 18*z + 13. What is t(17)?
30
Let k(i) = 4*i**2 + i. Give k(2).
18
Let i(u) = 3*u**3 - 5*u**2 + 3*u + 6. Give i(-3).
-129
Let p(t) = 4*t + 85. Calculate p(-22).
-3
Let z(s) = 5*s**3 - s + 1. What is z(1)?
5
Let o(p) = 2*p**2 - 3*p. Give o(2).
2
Let i(s) = -15*s + 16. What is i(-5)?
91
Let v(o) = -o**2 + 8*o - 14. What is v(8)?
-14
Let b(s) = s + 3. Give b(2).
5
Let b(q) = -2*q**2 + 10*q - 9. Determine b(6).
-21
Let k(v) = -3*v - 1. Give k(8).
-25
Let y(a) = -2*a - 44. What is y(-19)?
-6
Let m(o) = -5*o + 1. Give m(-2).
11
Let d(r) = r**3 - 4*r**2 - 25*r. Give d(7).
-28
Let z(k) = -k**3 - 10*k**2 + 9*k - 25. Determine z(-11).
-3
Let t(b) = 12*b. Calculate t(1).
12
Let q(z) = z**2 - 13*z - 18. Give q(13).
-18
Let m(v) = 2*v**3 - 2*v + 1. Give m(2).
13
Let h(x) = x**3 - 3*x**2 + 2*x - 5. Calculate h(2).
-5
Let k(c) = -23*c**2 + 2*c + 1. Give k(-1).
-24
Let r(v) = v**2 - 12*v + 10. Give r(10).
-10
Let o(i) = i**2 - 25*i + 9. C